he greatest common factor of p and 287?
7
Let z(p) = 1014*p - 44. Let d be z(2). What is the greatest common factor of 62 and d?
62
Suppose 0 = -5*q - 3*k + 1984, 1998 = 5*q + 12*k - 16*k. Calculate the greatest common divisor of q and 2.
2
Suppose 12*b + 4165 = 17*b - n, -5*b = 4*n - 4140. What is the highest common divisor of 688 and b?
16
Suppose 12*t = 8*t + 4*v + 36, -4*t + 44 = 4*v. Suppose -t*j = -8*j - 30. What is the highest common divisor of j and 2?
1
Let s = 14793 - 14778. What is the highest common divisor of 47535 and s?
15
Let j be (-11)/22 - ((-222)/(-4))/(-3). Let y be (-6)/j*3 + 37. What is the greatest common factor of 108 and y?
36
Suppose 560 = 2*q + 5*m, 0 = 4*q - 3*m - 607 - 461. What is the highest common divisor of q and 120?
30
Let n(g) = g**2 - 2*g + 10. Let y be n(7). Let a(i) = 43*i**2 - 95*i + 27. Let z be a(2). Calculate the greatest common factor of y and z.
9
Suppose 6*o - 1432 - 2855 = 1467. What is the highest common divisor of 14 and o?
7
Let x(n) = n**3 - 10*n**2 + 14*n + 40. Let k be x(9). Let h be 28*k/(-2)*4/(-8). Calculate the highest common factor of h and 35.
35
Let o(z) = -3*z + 1. Let h be o(-1). Let c be ((-48)/(-132))/(20/110). Suppose c*p - 1 = 1, -h*f + 51 = 3*p. Calculate the highest common factor of 36 and f.
12
Suppose 0*u + u + 244 = 0. Let s = 321 + u. What is the greatest common factor of s and 7?
7
Let i(o) = -o**2 + 52*o + 56. Suppose 0 = -19*c + 777 - 74. Let m be i(c). Calculate the greatest common divisor of 13 and m.
13
Let c be -3*(-5 + (-14)/(-6)). Suppose -19*n + 1452 = -c*n. What is the greatest common factor of 88 and n?
44
Suppose -4047 + 36267 = 179*w. Calculate the greatest common factor of 7164 and w.
36
Let w be (2 - 57)*(2/(-4) + 79/(-10)). Calculate the greatest common divisor of w and 1302.
42
Let s be ((8/(-7))/((-26)/91))/2. Let y be 5 + ((-424)/s)/(-4) + -3. What is the greatest common divisor of 22 and y?
11
Let z = 109 - 58. Suppose 0 = -r - b + 7, r - 3*b + 5*b = 8. Calculate the greatest common divisor of z and r.
3
Let k = -914 - -3025. Let z = k - 1935. Let p be 6/4*(-88)/(-3). What is the highest common factor of z and p?
44
Let h(d) be the third derivative of d**5/12 - d**4/12 - 47*d**3/6 + 2*d**2 - 17. Let a be h(-5). Calculate the highest common divisor of 11 and a.
11
Let x = 4959 - 4945. Calculate the greatest common divisor of x and 238.
14
Suppose -2*o - 7*s = -42 - 57, -8*s - 88 = 0. Let d be 0 - ((-396)/1)/1. Calculate the greatest common factor of d and o.
44
Suppose 405 = 6*a - 39. Suppose 36 = 3*z - 630. What is the greatest common factor of z and a?
74
Let z be 11874/33 + (-3)/(198/(-12)). Suppose 9*m - z = -6*m. What is the greatest common factor of m and 56?
8
Let l = 12792 - 12642. What is the highest common divisor of 675 and l?
75
Let d(c) = -c**2 - 10*c - 21. Let a be d(-10). Let r = a - -22. Let s be -11 + 130 + (r - 0). What is the highest common factor of 15 and s?
15
Let y be (-819)/(-24) + 19/(-152). Let m be (y/4)/(16/32). Calculate the greatest common divisor of m and 731.
17
Suppose 13*d - 10*d = 5*b + 4375, 4*b = -3*d + 4384. What is the highest common factor of d and 80?
20
Suppose -239 = -4*n + 249. Let a be (3/12 - -1)*-10*(-8)/50. What is the greatest common factor of a and n?
2
Let o(n) = 4*n - 12. Let f be o(3). Suppose f = -5*b - 5*c + 205, 7*c + 110 = 2*b + 2*c. What is the highest common divisor of 18 and b?
9
Let o be 1/(6*(-1)/(-1476)). What is the highest common factor of 23493 and o?
123
Suppose 5*u = 0, 5*n - 5*u = -4310 + 94904 - 12204. Calculate the greatest common factor of 134 and n.
134
Let l(h) be the second derivative of 9*h**2 - 19*h + 0 + 1/3*h**3. Let b be l(-7). Calculate the greatest common divisor of b and 22.
2
Let k be -11 + 9 - (-1 + (-2 - -1)). Suppose -4*w - 2*w + 204 = k. Let t(y) = -y**3 - y**2 + 17. Let u be t(0). What is the greatest common divisor of u and w?
17
Suppose 2*r + z - 1310 = 0, 4*z - 2157 = -2*r - 841. Calculate the highest common factor of r and 23217.
327
Let m be (4 - 2)/((-40)/(-2300)). Suppose 118*s - 63 = m*s. What is the highest common factor of s and 399?
21
Suppose -2*g - 9 + 9 = 0. Let u(m) = -m - 1 + g + 2 + 7. Let r be u(4). What is the highest common factor of r and 2?
2
Let i be (-1)/((-6)/20)*(94 - 28). Let k(u) = -17*u**2 + u**3 - 2 - 9 + 5*u**2 + 16*u. Let r be k(11). Calculate the highest common divisor of i and r.
44
Suppose -10*x = -228 + 108. Let v(n) = n + 1. Let z be v(-5). Let i be 16 - 2 - (6 + z). Calculate the greatest common divisor of i and x.
12
Let u = 22 - 20. Let m be (3 - 3)*u/4 - -4. Suppose m*a = n + 191, 0 = -5*n + n + 20. Calculate the greatest common factor of a and 7.
7
Let u = 458 - 392. Suppose -68*c + u*c + 5*y = -204, 5*c + 4*y - 444 = 0. What is the greatest common divisor of 12 and c?
4
Let s be 410/246*(6/(-10) + 3). Let u(l) = -l**3 + 5*l**2 + 6*l + 10. Let t be u(6). Calculate the highest common factor of t and s.
2
Let a(h) = -h**2 + 194*h + 55. Let k be a(7). What is the highest common divisor of 1 and k?
1
Suppose 0 = g + 3*m + 21, -4*g + 0*g = 2*m + 94. Let y be g/32 + 102/8. What is the greatest common divisor of y and 84?
12
Suppose b - 76 = -5*j, 156 = 3*b - 53*j + 50*j. Calculate the greatest common factor of b and 72.
8
Let i = -23647 + 24097. Calculate the greatest common factor of 1746 and i.
18
Let z = 1745 - 1732. Calculate the highest common divisor of 2509 and z.
13
Suppose 3*h + 15 = 0, 5*j + h - 281 - 114 = 0. Let z = 21 - 27. Let w be ((-20)/z)/((-6)/(-9)). Calculate the greatest common divisor of w and j.
5
Suppose 12*g + 100 = 7*g. Let n = 18 + g. Let b(d) = -3*d**3 - 1. Let c be b(n). What is the greatest common factor of c and 92?
23
Let o = 206 - 110. Let f(l) = 144*l + 2192. Let m be f(-15). What is the greatest common factor of o and m?
32
Suppose o - 2*o - 64 = 0. Let x = 72 + o. Suppose 72 = q + x*q. Calculate the highest common divisor of q and 40.
8
Let p = -7093 + 7191. Calculate the greatest common factor of 24941 and p.
49
Let n = -7878 - -8677. What is the greatest common factor of 476 and n?
17
Let j = 30517 + -30303. What is the highest common divisor of j and 3959?
107
Suppose -4*k + 5 = -3. Suppose 2*y = 3*y - k. What is the greatest common divisor of 8 and y?
2
Let z be 51/9 - 2/(-6). Let x be (1 - (-1 + 2))/((-16)/(-8)). Suppose 38*b = v + 35*b - 18, x = -4*b. Calculate the highest common factor of z and v.
6
Suppose -12*k + 420 = -456. Suppose -3*p = 40 - k. What is the highest common divisor of 99 and p?
11
Let y(i) be the second derivative of 25*i**3/6 - 90*i**2 - 21*i. Let q be y(9). What is the greatest common divisor of q and 315?
45
Suppose -6*f - 142 = -130. Let n be ((-17)/f)/1*22. What is the greatest common factor of n and 33?
11
Let p = -218 - -527. Let x = p - 267. Let j(f) = f**3 + 5*f**2 - 4. Let m be j(-3). Calculate the highest common factor of m and x.
14
Let y(m) = 2*m**3 - 23*m**2 + 44*m + 9. Suppose -4*f + 60 = 2*h, -15 = -2*f + 3*h - 1. Let b be y(f). What is the greatest common factor of b and 68?
68
Suppose 5*f + 5*i - 3*i = 391, 5*f - 373 = 4*i. Let a = -38 + f. Calculate the greatest common divisor of a and 104.
13
Let t(p) = -115*p - 3. Let u be t(2). Let l be u/5*-1 + 12/(-20). Suppose -3*i + l = -38. What is the highest common factor of 308 and i?
28
Suppose 21*v = 8*v + 221. Let j(z) = 5*z - v + z**2 - 16*z + 5*z. Let l be j(9). What is the greatest common factor of 30 and l?
10
Let u be (-12)/(-7)*(-21)/2. Let q be u*1*20/(-6). Let n(m) = 72*m - 3360. Let z be n(47). Calculate the highest common divisor of z and q.
12
Suppose 8 = 5*x + 88. Let y be ((-84)/(-16))/((-6)/x). Suppose -6*b + 58 = -110. What is the greatest common factor of y and b?
14
Let w(v) = 3*v**3 + v**2 + 6*v + 8. Let l be w(3). Calculate the greatest common factor of l and 406.
58
Let w be 85/2*184/230. Suppose 578 - w = 16*d. Calculate the greatest common divisor of d and 4.
2
Let b(z) = -7*z + 2. Let i be b(1). Let v be 1 - (-1 + i + -11). What is the highest common factor of v and 414?
18
Let m(f) = -46 - 6*f**3 + 22 - f**2 + 7*f + 27. Let b be m(-3). Calculate the highest common factor of 5 and b.
5
Let s(z) = 21*z - 80. Let v be s(5). Let o = 40 - 30. What is the highest common divisor of o